 x(1).
2
Suppose 0 = 4*c - 2*x + 102, -2*x - x + 99 = -4*c. Let i = c - -40. What are the prime factors of i?
13
Let x = -13 + 81. List the prime factors of x.
2, 17
Let b(y) = -2*y**2 + 15*y - 5. Let n be b(7). List the prime factors of 2 - (-1 - (2 + n)).
7
Let q(z) = -8*z + 0*z**2 + 13 + 0*z**2 + z**2. List the prime factors of q(9).
2, 11
Suppose -b - n - n = -3, -3*n - 45 = -3*b. Let l(d) = -d + 16. Let u be l(b). Suppose -x - 4*h = -25, x - 2*h + u - 6 = 0. What are the prime factors of x?
3
Suppose -5*o + 4*l + 571 + 758 = 0, 0 = o + 2*l - 277. List the prime factors of o.
269
What are the prime factors of (-17)/(-6)*3*6?
3, 17
Let u = -197 - -330. What are the prime factors of u?
7, 19
Suppose 2*j - 5*i = 167, 0 = i - 3*i - 6. What are the prime factors of j?
2, 19
Let j(x) = x - 1. Let z be j(9). Let o = 54 - -9. Suppose 4*a - o = -3*p + z, -5*p - 2*a + 95 = 0. List the prime factors of p.
17
Suppose -12 = -6*z + 2*z. Let u(n) be the second derivative of -n**5/20 + 5*n**4/12 - n**3/3 - n**2/2 + 31*n. What are the prime factors of u(z)?
11
Let s(p) = -p**2 + p - 1. Suppose 0 = -5*d + 4*d + 2. Let a be s(d). Let x = a - -8. What are the prime factors of x?
5
Let q = -870 - -1250. What are the prime factors of q/24 + (-1)/(-6)?
2
Suppose 3*o - 2*w + 4*w = -24, 0 = 4*o + 5*w + 39. Let l(i) = -9*i - 10. List the prime factors of l(o).
2, 11
Let s = -1 + 3. Suppose -y - 3*p + 9 = 0, -2*p = 2*y - s - 0. List the prime factors of y/(-1)*42/9.
2, 7
Suppose 2*i = -5*x - i + 110, -95 = -3*x + 4*i. Suppose -x - 20 = -5*b. What are the prime factors of b?
3
Let q(h) = 9*h**2 + 10*h - 15. List the prime factors of q(5).
2, 5, 13
Let u = 374 + -687. Let a be u/(-2) + 5/(-10). What are the prime factors of (-4)/(-18) - a/(-27)?
2, 3
Let n = 8 + -6. Suppose 4*d + 8 = -2*l, 16 = -n*l + 4*l - 2*d. List the prime factors of l.
2
Suppose -6*f + f + 40 = 0. Suppose -4*j = -f*j + 20. List the prime factors of j.
5
Let d be 4/(-10) + 27/5. Suppose t = -3*t + 16. Suppose 4*v - t = 5*r + 44, 0 = 3*v - d*r - 36. List the prime factors of v.
2, 3
Suppose 0 = -4*d + 3*d + 48. What are the prime factors of d?
2, 3
Let f = 556 - 263. What are the prime factors of f?
293
Let c be (20/15)/((-2)/(-3)). Let a(p) = p - 1. Let o be a(3). Suppose -o*u = c*u - 36. What are the prime factors of u?
3
Let t = -284 - -433. What are the prime factors of t?
149
Let q(h) = -h - 4. Let x be q(-7). Suppose -10 = x*i - 73. What are the prime factors of i?
3, 7
Let r(l) = -156*l + l**3 + 6 + 159*l - 5*l**2 + 0. What are the prime factors of r(5)?
3, 7
Let c(k) = -k**3 + 6*k**2 + 6*k - 2. Let j be ((-20)/6)/(2/(-3)). Let v be c(j). Suppose -4*g + 28 = 2*d, 3*d - v = -3*g - 14. List the prime factors of d.
2, 3
Let a(x) = x**3 + 3*x**2 + x + 3. Let y be a(-3). Let f = 6 + y. Let o = f + -4. What are the prime factors of o?
2
Suppose 3*y - 24 = r, 0 = -3*r - 2*r - 5*y - 40. Suppose -4*j + 47 = -2*g - 41, 3*j - 4*g - 66 = 0. Let h = j + r. List the prime factors of h.
2, 5
Let q(l) = 5*l**2 - l + 1. Let f be q(1). Let t be f*1 - 1/(-1). Let v = t - -1. What are the prime factors of v?
7
Suppose 0 = -2*l - 4*a + 36, 5*l - 4*a + 2*a - 42 = 0. Let j be ((-24)/(-20))/(1/l). List the prime factors of (6/j)/((-1)/(-16)).
2
Suppose -5*u + 5*m = 0, -u = 4*m - 14 - 6. Let i be (u/(-5))/(6/(-15)). Suppose -5*o + 55 = -5*w, -4*w = -i*o - 3*o + 53. List the prime factors of o.
3
Let c(r) = -9*r**3 + r**2 + 2*r - 2. Let u be c(1). Let l(s) = s**3 + 8*s**2 + s + 11. What are the prime factors of l(u)?
3
Let p be (-2)/4*(2 - 0). What are the prime factors of (7 - 0) + p + 1?
7
Let d be 4/2*2/(-4). Suppose -2*v = -3*a - 34, -2*a - v + 4*v = 26. What are the prime factors of (25/a)/(d/2)?
5
Suppose 8*t - 540 = 2*t. List the prime factors of t.
2, 3, 5
Suppose 4*u + 17 - 1 = 0, -438 = -2*g - 3*u. List the prime factors of g.
3, 5
Let v(g) = 8*g + 9. Let t be v(-6). Let y = -10 - t. What are the prime factors of y?
29
Suppose 4*n + 4*q = 160, -20 = -3*q - q. Let z = n + -17. What are the prime factors of z?
2, 3
Let o(s) = s**3 + 2*s**2 - 6*s - 1. What are the prime factors of o(3)?
2, 13
Suppose -2*x = 6*l - 2*l - 54, -3 = x. Suppose 3*t + 5*s - 5 = 0, -5 = -4*t - 4*s + l. List the prime factors of t.
2, 5
Suppose r - 5*o - 180 = -4*r, -4*r + 189 = 5*o. What are the prime factors of r?
41
Suppose 5*u = -5*s + 140, 2*u = -2*s - 2*s + 104. List the prime factors of s.
2, 3
Let c(t) = -t**2 + 7*t + 2. Let a be c(7). Let l(x) = 2*x - 2. What are the prime factors of l(a)?
2
Let h(z) be the third derivative of z**6/120 + 11*z**5/60 + 5*z**4/12 + 5*z**3/3 + 4*z**2. List the prime factors of h(-10).
2, 5
Suppose 2*k - 4*k = -166. What are the prime factors of k?
83
Suppose 37 - 13 = 4*o. Let q(n) = n + 1 + 3 + 3 - 5. What are the prime factors of q(o)?
2
Suppose 0 = -n + 2*w + 6, -15 = -3*n + w + 2*w. Let r be (-186)/(-8) + 3/n. Suppose 4*t - r = 20. What are the prime factors of t?
11
What are the prime factors of 860/70 + (-4)/14?
2, 3
Suppose 13*u - 246 = 7*u. What are the prime factors of u?
41
Let g(n) = -n**3 - 10*n**2 - 6*n - 7. List the prime factors of g(-10).
53
Let d(m) = 7*m**3 + 3*m**2 + 12*m - 15. Let y = 13 + -6. Let q(i) = -8*i**3 - 2*i**2 - 13*i + 16. Let r(t) = y*d(t) + 6*q(t). List the prime factors of r(-8).
7
Suppose 2*n + 58 = 4*f, f - 9 = -4*n - n. What are the prime factors of f?
2, 7
Let j(v) be the third derivative of 1/24*v**4 + 0 - 2/15*v**5 + 1/120*v**6 + 0*v - 1/3*v**3 - 3*v**2. List the prime factors of j(8).
2, 3
Let s(i) be the first derivative of 11*i**3/3 + i**2 + i + 5. List the prime factors of s(-1).
2, 5
Let l be ((-24)/15)/(4/(-70)). Suppose -2*j = -74 + l. List the prime factors of j.
23
Suppose -d + 64 = 18. List the prime factors of d.
2, 23
Let t be (4/(-3))/((-4)/6). Suppose f = -t*f + v + 46, 3*v = 5*f - 82. List the prime factors of f.
2, 7
Let w = 11 + -8. Suppose w*z = 5*f - 106, 4*f + 3*z = -z + 104. List the prime factors of f.
23
Suppose -3*m = -8*m. Let d(g) = 4*g + m*g + 6*g**2 + 6 + 2*g**3 - g**3. What are the prime factors of d(-5)?
11
Suppose 3*v = -2*v - 4*h - 40, -5*h = 25. Let b be v/4*(-1 - 2). Suppose -5*o + 9 = b*p - 2*o, -5*o + 9 = 4*p. What are the prime factors of p?
2, 3
Let t(v) = -v**2 - 4. Let f be t(-4). List the prime factors of (-116)/f - (-2)/10.
2, 3
Suppose 0 = -4*y + 84 + 60. What are the prime factors of y?
2, 3
Let w = 5 - 5. Suppose 2*f = f + 3*z, 5*f + 3*z - 54 = w. Suppose -3*t = -24 - f. What are the prime factors of t?
11
Suppose -2*p - f = -387, 0 = -4*p + 4*f - 321 + 1089. What are the prime factors of p?
193
List the prime factors of 6/36 + (-215)/(-6).
2, 3
Let o(f) = 32*f**2 - f + 1. List the prime factors of o(-2).
131
Suppose -2*p - 650 = -7*p. Let h = p - 82. List the prime factors of h.
2, 3
Let q(i) = 9*i + 21. List the prime factors of q(9).
2, 3, 17
Suppose -2*g - 2*g + 40 = 0. What are the prime factors of 1*(-28)/g*-5?
2, 7
Let h be (5 - 4)/(1/(-1)). Let c = h - -6. Suppose -r - c*b = 4, b + 4*b - 40 = -5*r. What are the prime factors of r?
11
Suppose 3*i + 2*t = 6*i + 22, -3*i = -3*t + 21. Let v(j) = -2*j. List the prime factors of v(i).
2
Let x = 6 + -12. Let t = 3 - 13. Let w = x - t. List the prime factors of w.
2
Suppose 21*j + 16 = 25*j. Suppose -50 = j*z - 3*q - 179, 0 = 5*z - 2*q - 156. List the prime factors of z.
2, 3, 5
Suppose -2*b - 205 = 3*b. Let i = 61 + b. What are the prime factors of i?
2, 5
Let w(v) be the third derivative of v**5/60 + v**4/24 - 2*v**3/3 - v**2. Let r be w(-3). List the prime factors of (-2)/(-1)*7/r.
7
Suppose -94 - 68 = -2*d. What are the prime factors of d?
3
Suppose -3*t - 5*s + 195 = 0, -3*t + 4*t - 2*s = 54. What are the prime factors of t?
2, 3, 5
Let g(j) = 40*j**2 - 4*j - 3. List the prime factors of g(-2).
3, 5, 11
Suppose -2*w = -4*w - 18. What are the prime factors of (-220)/(-12) + 3/w?
2, 3
Let r = 6 + -1. Suppose -10 = l + y + 4*y, -r*l - y = -22. What are the prime factors of l?
5
Let z be -1*(-1)/(-1)*-1. Let t be 3 - (z + -5 + 1). Let j = t + 10. List the prime factors of j.
2
Let q = 80 - -28. Suppose -152 - q = -5*h. List the prime factors of h.
2, 13
Suppose 2*g - 2*j = 766, 2*g - 502 = -2*j + 280. List the prime factors of 1/(-6) + g/54.
7
Let p(g) = g -